{"id":64,"date":"2026-04-04T07:20:06","date_gmt":"2026-04-04T07:20:06","guid":{"rendered":"https:\/\/thcs-transcare.eu\/?page_id=64"},"modified":"2026-04-22T12:50:12","modified_gmt":"2026-04-22T12:50:12","slug":"transcare-italian-italiano","status":"publish","type":"page","link":"https:\/\/thcs-transcare.eu\/?page_id=64","title":{"rendered":"TransCare: Italian &#8211; Italiano"},"content":{"rendered":"<h4>Nuovi percorsi di cura per supportare la transizione dall&#8217;ospedale a casa utilizzando l&#8217;intelligenza artificiale e l&#8217;assistenza digitale personalizzata<\/h4>\n<p>L\u2019istituto di ricovero e cura a carattere scientifico (IRCCS) INRCA \u00e8 un centro di ricerca ospedaliero a carattere geriatrico. Esso collabora all\u2019interno del progetto TransCare per tutta la durata dei 36 mesi prevista da progetto. Svolge il ruolo di leader del Work Package 4, relativo alla stesura di protocollo etico e sperimentazione sul campo, ma collabora attivamente su tutti gli altri Work Packages. TransCare \u00e8 cofinanziato dall&#8217;Unione Europea attraverso il programma Transforming Health and Care Systems (THCS) e dal Ministero della Salute (IT). INRCA ha ricevuto un finanziamento pari a 300.000 euro. Il progetto sar\u00e0 seguito da un team di ricercatori ed esperti multidisciplinari, tra cui ricercatori sanitari, collaboratori clinici e tecnici all\u2019interno dell\u2019unit\u00e0 operativa Modelli Assistenziali e Nuove Tecnologie dell\u2019INRCA. L\u2019unit\u00e0 operativa si occupa da anni di ricerche sullo sviluppo di modelli all\u2019avanguardia high-tech per il supporto all\u2019invecchiamento attivo, con esperienza fondata su molti progetti nazionali ed internazionali portati a termine con successo negli anni. Il team dell\u2019INRCA conduce la sperimentazione, scrivendo protocolli per lo svolgimento di field trial e si occupa di raccogliere e valutare scientificamente i risultati ottenuti dalle stesse.<\/p>\n<p>\u200bIn prospettiva futura, l&#8217;assistenza post-dimissione rivestir\u00e0 una funzione cruciale all&#8217;interno del sistema sanitario europeo, poich\u00e9 sar\u00e0 determinante per affrontare efficacemente la crescente richiesta di cure e la pressione sui ricoveri ospedalieri. L&#8217;adozione di soluzioni tecnologiche avanzate diventer\u00e0 imprescindibile per alleggerire il carico su ospedali e strutture sanitarie, favorendo una transizione coordinata e sicura verso il domicilio per i pazienti affetti da comorbilit\u00e0, riducendo al minimo il rischio di riammissione. Il progetto TransCare si propone di risolvere le problematiche relative all&#8217;introduzione di cure di transizione supportate dalla tecnologia, sviluppando approcci innovativi (intelligenza artificiale, Internet delle cose, analisi dei dati, servizi digitali, ecc.) adeguati ai diversi sistemi sanitari europei e alle variabili correlate ai diversi modelli di comorbilit\u00e0.<\/p>\n<p>\u200bTransCare vuole dunque ottimizzare l&#8217;assistenza transizionale attraverso l\u2019incremento dell&#8217;efficienza, grazie all&#8217;infrastruttura per il monitoraggio remoto e il miglioramento dell&#8217;aderenza del paziente. Cerca inoltre un potenziamento del supporto, mediante l&#8217;introduzione di assistenza digitale basata su comunicazione e coordinamento virtuali per interventi tempestivi e personalizzati ed infine punta a migliorare la tempestivit\u00e0 dell&#8217;assistenza, attraverso l&#8217;uso di sistemi di rilevazione proattiva dell&#8217;aderenza assistiti dall&#8217;intelligenza artificiale, con conseguente ottimizzazione degli esiti clinici e dei percorsi terapeutici, garantendo un aumento della sicurezza nel processo di cura. TransCare contribuir\u00e0, inoltre, alla generazione di nuove conoscenze fondamentali per la riprogettazione dei percorsi assistenziali, agevolando l&#8217;integrazione tecnologica nei diversi contesti sanitari e considerando il ruolo degli operatori sanitari, i modelli di rimborso e gli incentivi degli enti coinvolti.<\/p>\n","protected":false},"excerpt":{"rendered":"<p>Nuovi percorsi di cura per supportare la transizione dall&#8217;ospedale a casa utilizzando l&#8217;intelligenza artificiale e l&#8217;assistenza digitale personalizzata L\u2019istituto di ricovero e cura a carattere scientifico (IRCCS) INRCA \u00e8 un centro di ricerca ospedaliero a carattere geriatrico. Esso collabora all\u2019interno del progetto TransCare per tutta la durata dei 36 mesi prevista da progetto. Svolge il [&hellip;]<\/p>\n","protected":false},"author":1,"featured_media":0,"parent":0,"menu_order":0,"comment_status":"closed","ping_status":"closed","template":"","meta":{"footnotes":""},"class_list":["post-64","page","type-page","status-publish","hentry"],"_links":{"self":[{"href":"https:\/\/thcs-transcare.eu\/index.php?rest_route=\/wp\/v2\/pages\/64","targetHints":{"allow":["GET"]}}],"collection":[{"href":"https:\/\/thcs-transcare.eu\/index.php?rest_route=\/wp\/v2\/pages"}],"about":[{"href":"https:\/\/thcs-transcare.eu\/index.php?rest_route=\/wp\/v2\/types\/page"}],"author":[{"embeddable":true,"href":"https:\/\/thcs-transcare.eu\/index.php?rest_route=\/wp\/v2\/users\/1"}],"replies":[{"embeddable":true,"href":"https:\/\/thcs-transcare.eu\/index.php?rest_route=%2Fwp%2Fv2%2Fcomments&post=64"}],"version-history":[{"count":0,"href":"https:\/\/thcs-transcare.eu\/index.php?rest_route=\/wp\/v2\/pages\/64\/revisions"}],"wp:attachment":[{"href":"https:\/\/thcs-transcare.eu\/index.php?rest_route=%2Fwp%2Fv2%2Fmedia&parent=64"}],"curies":[{"name":"wp","href":"https:\/\/api.w.org\/{rel}","templated":true}]}}